{"id":19,"date":"2020-01-13T20:14:50","date_gmt":"2020-01-13T20:14:50","guid":{"rendered":"https:\/\/teachingds.aau.dk\/?page_id=19"},"modified":"2020-01-13T20:22:39","modified_gmt":"2020-01-13T20:22:39","slug":"organizers","status":"publish","type":"page","link":"https:\/\/teachingds.aau.dk\/?page_id=19","title":{"rendered":"Organizers"},"content":{"rendered":"\n<ul class=\"wp-block-list\"><li><strong>Toine Bogers<\/strong> (Aalborg University, Denmark)<\/li><li><strong>Kai Eckert<\/strong> (Stuttgart Media University, Germany)<\/li><li><strong>Maria G\u00e4de<\/strong> (Humboldt-Universit\u00e4t zu Berlin, Germany)<\/li><li><strong>Javed Mostafa<\/strong> (University of North Carolina at Chapel Hill, USA)<\/li><li><strong>Vivien Petras<\/strong> (Humboldt-Universit\u00e4t zu Berlin, Germany)<\/li><li><strong>Il-Yeol Song<\/strong> (Drexel University, USA)<\/li><\/ul>\n","protected":false},"excerpt":{"rendered":"<p>Toine Bogers (Aalborg University, Denmark) Kai Eckert (Stuttgart Media University, Germany) Maria G\u00e4de (Humboldt-Universit\u00e4t zu Berlin, Germany) Javed Mostafa (University of North Carolina at Chapel Hill, USA) Vivien Petras (Humboldt-Universit\u00e4t zu Berlin, Germany) Il-Yeol Song (Drexel University, USA)<\/p>\n","protected":false},"author":1,"featured_media":0,"parent":0,"menu_order":3,"comment_status":"closed","ping_status":"closed","template":"","meta":{"footnotes":""},"class_list":["post-19","page","type-page","status-publish","hentry"],"_links":{"self":[{"href":"https:\/\/teachingds.aau.dk\/index.php?rest_route=\/wp\/v2\/pages\/19","targetHints":{"allow":["GET"]}}],"collection":[{"href":"https:\/\/teachingds.aau.dk\/index.php?rest_route=\/wp\/v2\/pages"}],"about":[{"href":"https:\/\/teachingds.aau.dk\/index.php?rest_route=\/wp\/v2\/types\/page"}],"author":[{"embeddable":true,"href":"https:\/\/teachingds.aau.dk\/index.php?rest_route=\/wp\/v2\/users\/1"}],"replies":[{"embeddable":true,"href":"https:\/\/teachingds.aau.dk\/index.php?rest_route=%2Fwp%2Fv2%2Fcomments&post=19"}],"version-history":[{"count":2,"href":"https:\/\/teachingds.aau.dk\/index.php?rest_route=\/wp\/v2\/pages\/19\/revisions"}],"predecessor-version":[{"id":39,"href":"https:\/\/teachingds.aau.dk\/index.php?rest_route=\/wp\/v2\/pages\/19\/revisions\/39"}],"wp:attachment":[{"href":"https:\/\/teachingds.aau.dk\/index.php?rest_route=%2Fwp%2Fv2%2Fmedia&parent=19"}],"curies":[{"name":"wp","href":"https:\/\/api.w.org\/{rel}","templated":true}]}}